0803704?
3
What is the ten thousands digit of 7464893531?
9
What is the units digit of 224489530?
0
What is the tens digit of 224847349?
4
What is the units digit of 5763521?
1
What is the tens digit of 796306794?
9
What is the tens digit of 3387079449?
4
What is the hundreds digit of 175558609?
6
What is the thousands digit of 69766364?
6
What is the thousands digit of 10862414?
2
What is the thousands digit of 2340885161?
5
What is the tens digit of 11217208?
0
What is the tens digit of 29586546?
4
What is the thousands digit of 600433247?
3
What is the thousands digit of 423657380?
7
What is the ten millions digit of 962462626?
6
What is the billions digit of 1616610705?
1
What is the units digit of 80794611?
1
What is the hundred thousands digit of 1182173435?
1
What is the ten millions digit of 2231931644?
3
What is the ten millions digit of 573370508?
7
What is the thousands digit of 1998915?
8
What is the tens digit of 211416930?
3
What is the tens digit of 1611629?
2
What is the hundred thousands digit of 2674297230?
2
What is the tens digit of 41182662?
6
What is the hundreds digit of 83624043?
0
What is the tens digit of 599761408?
0
What is the ten thousands digit of 1452216881?
1
What is the hundred thousands digit of 583897319?
8
What is the ten millions digit of 222893324?
2
What is the hundreds digit of 13918059?
0
What is the tens digit of 1936951222?
2
What is the ten thousands digit of 5559227308?
2
What is the units digit of 1411683357?
7
What is the tens digit of 523477478?
7
What is the units digit of 982429437?
7
What is the billions digit of 3128353475?
3
What is the hundred millions digit of 705272119?
7
What is the millions digit of 52972350?
2
What is the ten millions digit of 51100440?
5
What is the tens digit of 42207118?
1
What is the tens digit of 1177749604?
0
What is the ten thousands digit of 762893642?
9
What is the units digit of 37048573?
3
What is the ten thousands digit of 25556883?
5
What is the tens digit of 316096576?
7
What is the units digit of 23629697?
7
What is the tens digit of 98764088?
8
What is the ten thousands digit of 900904208?
0
What is the ten thousands digit of 74398826?
9
What is the hundreds digit of 33385085?
0
What is the billions digit of 2433616622?
2
What is the thousands digit of 98912586?
2
What is the millions digit of 1548226082?
8
What is the ten thousands digit of 195175983?
7
What is the ten thousands digit of 453767859?
6
What is the millions digit of 1071804021?
1
What is the hundred thousands digit of 5875061312?
0
What is the millions digit of 47396232?
7
What is the ten millions digit of 2348456264?
4
What is the hundreds digit of 46352146?
1
What is the millions digit of 58010650?
8
What is the ten thousands digit of 73249456?
4
What is the ten millions digit of 447071733?
4
What is the hundreds digit of 448941154?
1
What is the thousands digit of 35845624?
5
What is the units digit of 1921377?
7
What is the hundred millions digit of 954172916?
9
What is the thousands digit of 1005105326?
5
What is the billions digit of 1866661303?
1
What is the millions digit of 72876339?
2
What is the hundreds digit of 260600928?
9
What is the millions digit of 128459272?
8
What is the hundreds digit of 977070131?
1
What is the hundreds digit of 937374946?
9
What is the hundred thousands digit of 514337?
5
What is the ten thousands digit of 347434338?
3
What is the tens digit of 820264253?
5
What is the ten millions digit of 3402190306?
0
What is the ten thousands digit of 3089180358?
8
What is the units digit of 3548610?
0
What is the millions digit of 22025481?
2
What is the ten millions digit of 776809770?
7
What is the millions digit of 567824773?
7
What is the millions digit of 252659054?
2
What is the hundred thousands digit of 1799263756?
2
What is the units digit of 438167126?
6
What is the hundreds digit of 20144503?
5
What is the hundred thousands digit of 223210350?
2
What is the thousands digit of 30936501?
6
What is the ten millions digit of 371881583?
7
What is the units digit of 96093300?
0
What is the hundreds digit of 826519576?
5
What is the tens digit of 1239498452?
5
What is the tens digit of 79749866?
6
What is the millions digit of 1989841963?
9
What is the hundreds digit of 1174601474?
4
What is the millions digit of 4340163?
4
What is the hundred millions digit of 149875428?
1
What is the millions digit of 37641633?
7
What is the ten thousands digit of 6243347?
4
What is the ten millions digit of 2682768081?
8
What is the thousands digit of 1831120443?
0
What is the hundred thousands digit of 64157649?
1
What is the millions digit of 22092734?
2
What is the hundreds digit of 25270205?
2
What is the millions digit of 894554291?
4
What is the ten millions digit of 5413751930?
1
What is the thousands digit of 86174659?
4
What is the ten millions digit of 73484327?
7
What is the millions digit of 2708183?
2
What is the millions digit of 1712490897?
2
What is the hundred thousands digit of 50875173?
8
What is the millions digit of 304141717?
4
What is the tens digit of 164686544?
4
What is the ten millions digit of 60668114?
6
What is the tens digit of 71870678?
7
What is the ten thousands digit of 2047412597?
1
What is the hundred millions digit of 686917101?
6
What is the hundred thousands digit of 2612927375?
9
What is the hundred thousands digit of 184763178?
7
What is the units digit of 203720516?
6
What is the thousands digit of 427975872?
5
What is the hundred thousands digit of 2540044424?
0
What is the ten thousands digit of 400061125?
6
What is the hundred thousands digit of 159129373?
1
What is the units digit of 52706853?
3
What is the thousands digit of 84428890?
8
What is the ten millions digit of 1938506380?
3
What is the thousands digit of 140348138?
8
What is the tens digit of 2280126088?
8
What is the hundreds digit of 14023395?
3
What is the hundred thousands digit of 726680193?
6
What is the tens digit of 32332527?
2
What is the ten millions digit of 49760060?
4
What is the ten thousands digit of 1115420?
1
What is the hundreds digit of 150823750?
7
What is the tens digit of 95277993?
9
What is the ten thousands digit of 1513104388?
0
What is the units digit of 122314932?
2
What is the tens digit of 38913636?
3
What is the hundreds digit of 8561837?
8
What is the hundred thousands digit of 67844104?
8
What is the hundred thousands digit of 870551769?
5
What is the hundred thousands digit of 65445231?
4
What is the thousands digit of 137542460?
2
What is the millions digit of 180812046?
0
What is the tens digit of 97581828?
2
What is the tens digit of 257377850?
5
What is the thousands digit of 20681699?
1
What is the hundred thousands digit of 95564706?
5
What is the ten millions digit of 71989585?
7
What is the billions digit of 1932703410?
1
What is the thousands digit of 184379287?
9
What is the units digit of 72225381?
1
What is the thousands digit of 28193124?
3
What is the ten millions digit of 54848080?
5
What is the tens digit of 7413305443?
4
What is the hundred thousands digit of 22392925?
3
What is the thousands digit of 1506204633?
4
What is the units digit of 47064730?
0
What is the hundreds digit of 5351054516?
5
What is the hundred millions digit of 106850874?
1
What is the units digit of 16182521?
1
What is the ten millions digit of 326416317?
2
What is the units digit of 3061433911?
1
What is the millions digit of 1039104152?
9
What is the units digit of 21714905?
5
What is the hundred millions digit of 436879894?
4
What is the hundreds digit of 183107565?
5
What is the ten millions digit of 816136575?
1
What is the hundred millions digit of 487968625?
4
What is the hundred millions digit of 6141398741?
1
What is the hundred millions digit of 938975446?
9
What is the ten millions digit of 36327994?
3
What is the hundred thousands digit of 12352727?
3
What is the ten millions digit of 85605817?
8
What is the units digit of 39899494?
4
What is the tens digit of 76687204?
0
What is the hundred thousands digit of 175135289?
1
What is the millions digit of 3125084973?
5
What is the hundred thousands digit of 21959216?
9
What is the tens digit of 389661937?
3
What is the units digit of 2084947527?
7
What is the hundred millions 